{"id":75,"date":"2024-12-27T04:24:02","date_gmt":"2024-12-27T01:24:02","guid":{"rendered":"https:\/\/eekip.com\/donmezgida\/?post_type=product&#038;p=75"},"modified":"2025-01-02T13:54:26","modified_gmt":"2025-01-02T10:54:26","slug":"bifet-pilic-dokme-kokteyl-s","status":"publish","type":"product","link":"https:\/\/donmezgida.com.tr\/index.php\/urun\/bifet-pilic-dokme-kokteyl-s\/","title":{"rendered":"B\u0130FET P\u0130L\u0130\u00c7 D\u00d6KME KOKTEYL S."},"content":{"rendered":"","protected":false},"excerpt":{"rendered":"","protected":false},"featured_media":306,"comment_status":"open","ping_status":"closed","template":"","meta":[],"pwb-brand":[101],"product_brand":[],"product_cat":[40,106],"product_tag":[107],"class_list":{"0":"post-75","1":"product","2":"type-product","3":"status-publish","4":"has-post-thumbnail","6":"pwb-brand-bifet","7":"product_cat-et-urunleri","8":"product_cat-pilic-dokme","9":"product_tag-bifet-pilic-dokme-kokteyl-s","11":"first","12":"instock","13":"shipping-taxable","14":"product-type-simple"},"brands":[{"id":101,"name":"Bifet","slug":"bifet"}],"_links":{"self":[{"href":"https:\/\/donmezgida.com.tr\/index.php\/wp-json\/wp\/v2\/product\/75","targetHints":{"allow":["GET"]}}],"collection":[{"href":"https:\/\/donmezgida.com.tr\/index.php\/wp-json\/wp\/v2\/product"}],"about":[{"href":"https:\/\/donmezgida.com.tr\/index.php\/wp-json\/wp\/v2\/types\/product"}],"replies":[{"embeddable":true,"href":"https:\/\/donmezgida.com.tr\/index.php\/wp-json\/wp\/v2\/comments?post=75"}],"wp:featuredmedia":[{"embeddable":true,"href":"https:\/\/donmezgida.com.tr\/index.php\/wp-json\/wp\/v2\/media\/306"}],"wp:attachment":[{"href":"https:\/\/donmezgida.com.tr\/index.php\/wp-json\/wp\/v2\/media?parent=75"}],"wp:term":[{"taxonomy":"pwb-brand","embeddable":true,"href":"https:\/\/donmezgida.com.tr\/index.php\/wp-json\/wp\/v2\/pwb-brand?post=75"},{"taxonomy":"product_brand","embeddable":true,"href":"https:\/\/donmezgida.com.tr\/index.php\/wp-json\/wp\/v2\/product_brand?post=75"},{"taxonomy":"product_cat","embeddable":true,"href":"https:\/\/donmezgida.com.tr\/index.php\/wp-json\/wp\/v2\/product_cat?post=75"},{"taxonomy":"product_tag","embeddable":true,"href":"https:\/\/donmezgida.com.tr\/index.php\/wp-json\/wp\/v2\/product_tag?post=75"}],"curies":[{"name":"wp","href":"https:\/\/api.w.org\/{rel}","templated":true}]}}